{"id":33691,"date":"2025-05-20T14:35:18","date_gmt":"2025-05-20T12:35:18","guid":{"rendered":"https:\/\/newcard.io\/newcard\/?page_id=33691"},"modified":"2025-05-20T14:35:37","modified_gmt":"2025-05-20T12:35:37","slug":"pagempr","status":"publish","type":"page","link":"https:\/\/newcard.io\/newcard\/pagempr\/","title":{"rendered":"mot de passe mpr"},"content":{"rendered":"","protected":true},"excerpt":{"rendered":"","protected":true},"author":6,"featured_media":0,"parent":0,"menu_order":0,"comment_status":"closed","ping_status":"closed","template":"","meta":{"site-sidebar-layout":"no-sidebar","site-content-layout":"page-builder","ast-site-content-layout":"full-width-container","site-content-style":"default","site-sidebar-style":"default","ast-global-header-display":"","ast-banner-title-visibility":"","ast-main-header-display":"","ast-hfb-above-header-display":"","ast-hfb-below-header-display":"","ast-hfb-mobile-header-display":"","site-post-title":"disabled","ast-breadcrumbs-content":"","ast-featured-img":"disabled","footer-sml-layout":"","theme-transparent-header-meta":"","adv-header-id-meta":"","stick-header-meta":"","header-above-stick-meta":"","header-main-stick-meta":"","header-below-stick-meta":"","astra-migrate-meta-layouts":"set","ast-page-background-enabled":"default","ast-page-background-meta":{"desktop":{"background-color":"","background-image":"","background-repeat":"repeat","background-position":"center center","background-size":"auto","background-attachment":"scroll","background-type":"","background-media":"","overlay-type":"","overlay-color":"","overlay-gradient":""},"tablet":{"background-color":"","background-image":"","background-repeat":"repeat","background-position":"center center","background-size":"auto","background-attachment":"scroll","background-type":"","background-media":"","overlay-type":"","overlay-color":"","overlay-gradient":""},"mobile":{"background-color":"","background-image":"","background-repeat":"repeat","background-position":"center center","background-size":"auto","background-attachment":"scroll","background-type":"","background-media":"","overlay-type":"","overlay-color":"","overlay-gradient":""}},"ast-content-background-meta":{"desktop":{"background-color":"var(--ast-global-color-5)","background-image":"","background-repeat":"repeat","background-position":"center center","background-size":"auto","background-attachment":"scroll","background-type":"","background-media":"","overlay-type":"","overlay-color":"","overlay-gradient":""},"tablet":{"background-color":"var(--ast-global-color-5)","background-image":"","background-repeat":"repeat","background-position":"center center","background-size":"auto","background-attachment":"scroll","background-type":"","background-media":"","overlay-type":"","overlay-color":"","overlay-gradient":""},"mobile":{"background-color":"var(--ast-global-color-5)","background-image":"","background-repeat":"repeat","background-position":"center center","background-size":"auto","background-attachment":"scroll","background-type":"","background-media":"","overlay-type":"","overlay-color":"","overlay-gradient":""}},"footnotes":""},"class_list":["post-33691","page","type-page","status-publish","post-password-required","hentry"],"yoast_head":"<!-- This site is optimized with the Yoast SEO plugin v20.1 - https:\/\/yoast.com\/wordpress\/plugins\/seo\/ -->\n<title>mot de passe mpr - Newcard<\/title>\n<meta name=\"robots\" content=\"index, follow, max-snippet:-1, max-image-preview:large, max-video-preview:-1\" \/>\n<link rel=\"canonical\" href=\"https:\/\/newcard.io\/newcard\/pagempr\/\" \/>\n<meta property=\"og:locale\" content=\"fr_FR\" \/>\n<meta property=\"og:type\" content=\"article\" \/>\n<meta property=\"og:title\" content=\"mot de passe mpr - Newcard\" \/>\n<meta property=\"og:description\" content=\"Il n\u2019y a pas d\u2019extrait, car cette publication est prot\u00e9g\u00e9e.\" \/>\n<meta property=\"og:url\" content=\"https:\/\/newcard.io\/newcard\/pagempr\/\" \/>\n<meta property=\"og:site_name\" content=\"Newcard\" \/>\n<meta property=\"article:modified_time\" content=\"2025-05-20T12:35:37+00:00\" \/>\n<meta name=\"twitter:card\" content=\"summary_large_image\" \/>\n<script type=\"application\/ld+json\" class=\"yoast-schema-graph\">{\"@context\":\"https:\/\/schema.org\",\"@graph\":[{\"@type\":\"WebPage\",\"@id\":\"https:\/\/newcard.io\/newcard\/pagempr\/\",\"url\":\"https:\/\/newcard.io\/newcard\/pagempr\/\",\"name\":\"mot de passe mpr - Newcard\",\"isPartOf\":{\"@id\":\"https:\/\/newcard.io\/newcard\/#website\"},\"datePublished\":\"2025-05-20T12:35:18+00:00\",\"dateModified\":\"2025-05-20T12:35:37+00:00\",\"breadcrumb\":{\"@id\":\"https:\/\/newcard.io\/newcard\/pagempr\/#breadcrumb\"},\"inLanguage\":\"fr-FR\"},{\"@type\":\"WebSite\",\"@id\":\"https:\/\/newcard.io\/newcard\/#website\",\"url\":\"https:\/\/newcard.io\/newcard\/\",\"name\":\"Newcard\",\"description\":\"T\u00e9l\u00e9surveillance cardiaque et r\u00e9nale\",\"publisher\":{\"@id\":\"https:\/\/newcard.io\/newcard\/#organization\"},\"potentialAction\":[{\"@type\":\"SearchAction\",\"target\":{\"@type\":\"EntryPoint\",\"urlTemplate\":\"https:\/\/newcard.io\/newcard\/?s={search_term_string}\"},\"query-input\":\"required name=search_term_string\"}],\"inLanguage\":\"fr-FR\"},{\"@type\":\"Organization\",\"@id\":\"https:\/\/newcard.io\/newcard\/#organization\",\"name\":\"Newcard\",\"url\":\"https:\/\/newcard.io\/newcard\/\",\"logo\":{\"@type\":\"ImageObject\",\"inLanguage\":\"fr-FR\",\"@id\":\"https:\/\/newcard.io\/newcard\/#\/schema\/logo\/image\/\",\"url\":\"https:\/\/newcard.io\/newcard\/wp-content\/uploads\/2021\/02\/cropped-cropped-logo-newcard-fond-fonce-ecriture-bleue-vertical-1.png\",\"contentUrl\":\"https:\/\/newcard.io\/newcard\/wp-content\/uploads\/2021\/02\/cropped-cropped-logo-newcard-fond-fonce-ecriture-bleue-vertical-1.png\",\"width\":1772,\"height\":1287,\"caption\":\"Newcard\"},\"image\":{\"@id\":\"https:\/\/newcard.io\/newcard\/#\/schema\/logo\/image\/\"}}]}<\/script>\n<!-- \/ Yoast SEO plugin. -->","yoast_head_json":{"title":"mot de passe mpr - Newcard","robots":{"index":"index","follow":"follow","max-snippet":"max-snippet:-1","max-image-preview":"max-image-preview:large","max-video-preview":"max-video-preview:-1"},"canonical":"https:\/\/newcard.io\/newcard\/pagempr\/","og_locale":"fr_FR","og_type":"article","og_title":"mot de passe mpr - Newcard","og_description":"Il n\u2019y a pas d\u2019extrait, car cette publication est prot\u00e9g\u00e9e.","og_url":"https:\/\/newcard.io\/newcard\/pagempr\/","og_site_name":"Newcard","article_modified_time":"2025-05-20T12:35:37+00:00","twitter_card":"summary_large_image","schema":{"@context":"https:\/\/schema.org","@graph":[{"@type":"WebPage","@id":"https:\/\/newcard.io\/newcard\/pagempr\/","url":"https:\/\/newcard.io\/newcard\/pagempr\/","name":"mot de passe mpr - Newcard","isPartOf":{"@id":"https:\/\/newcard.io\/newcard\/#website"},"datePublished":"2025-05-20T12:35:18+00:00","dateModified":"2025-05-20T12:35:37+00:00","breadcrumb":{"@id":"https:\/\/newcard.io\/newcard\/pagempr\/#breadcrumb"},"inLanguage":"fr-FR"},{"@type":"WebSite","@id":"https:\/\/newcard.io\/newcard\/#website","url":"https:\/\/newcard.io\/newcard\/","name":"Newcard","description":"T\u00e9l\u00e9surveillance cardiaque et r\u00e9nale","publisher":{"@id":"https:\/\/newcard.io\/newcard\/#organization"},"potentialAction":[{"@type":"SearchAction","target":{"@type":"EntryPoint","urlTemplate":"https:\/\/newcard.io\/newcard\/?s={search_term_string}"},"query-input":"required name=search_term_string"}],"inLanguage":"fr-FR"},{"@type":"Organization","@id":"https:\/\/newcard.io\/newcard\/#organization","name":"Newcard","url":"https:\/\/newcard.io\/newcard\/","logo":{"@type":"ImageObject","inLanguage":"fr-FR","@id":"https:\/\/newcard.io\/newcard\/#\/schema\/logo\/image\/","url":"https:\/\/newcard.io\/newcard\/wp-content\/uploads\/2021\/02\/cropped-cropped-logo-newcard-fond-fonce-ecriture-bleue-vertical-1.png","contentUrl":"https:\/\/newcard.io\/newcard\/wp-content\/uploads\/2021\/02\/cropped-cropped-logo-newcard-fond-fonce-ecriture-bleue-vertical-1.png","width":1772,"height":1287,"caption":"Newcard"},"image":{"@id":"https:\/\/newcard.io\/newcard\/#\/schema\/logo\/image\/"}}]}},"_links":{"self":[{"href":"https:\/\/newcard.io\/newcard\/wp-json\/wp\/v2\/pages\/33691","targetHints":{"allow":["GET"]}}],"collection":[{"href":"https:\/\/newcard.io\/newcard\/wp-json\/wp\/v2\/pages"}],"about":[{"href":"https:\/\/newcard.io\/newcard\/wp-json\/wp\/v2\/types\/page"}],"author":[{"embeddable":true,"href":"https:\/\/newcard.io\/newcard\/wp-json\/wp\/v2\/users\/6"}],"replies":[{"embeddable":true,"href":"https:\/\/newcard.io\/newcard\/wp-json\/wp\/v2\/comments?post=33691"}],"version-history":[{"count":1,"href":"https:\/\/newcard.io\/newcard\/wp-json\/wp\/v2\/pages\/33691\/revisions"}],"predecessor-version":[{"id":33692,"href":"https:\/\/newcard.io\/newcard\/wp-json\/wp\/v2\/pages\/33691\/revisions\/33692"}],"wp:attachment":[{"href":"https:\/\/newcard.io\/newcard\/wp-json\/wp\/v2\/media?parent=33691"}],"curies":[{"name":"wp","href":"https:\/\/api.w.org\/{rel}","templated":true}]}}